{"id":8,"date":"2014-11-02T12:15:52","date_gmt":"2014-11-02T10:15:52","guid":{"rendered":"http:\/\/www.lounasherkku.fi\/?page_id=8"},"modified":"2026-05-10T09:48:37","modified_gmt":"2026-05-10T06:48:37","slug":"ruokalista","status":"publish","type":"page","link":"https:\/\/www.lounasherkku.fi\/?page_id=8","title":{"rendered":"Ruokalista"},"content":{"rendered":"<p><!--more--><!--more--><!--more--><\/p>\n<p><span style=\"color: #000000;\"><!--more--><\/span><\/p>\n<p><span style=\"color: #000000;\"><strong>\u00a0 \u00a0 \u00a0 \u00a0 \u00a0<\/strong><\/span><span style=\"color: #000000;\"><strong>VIIKKO 20<\/strong><\/span><\/p>\n<p><span style=\"color: #000000;\">Huom!\u00a0Puhelinnumeromme 046-921 6677 on poistunut k\u00e4yt\u00f6st\u00e4, jatkossa lounastilaukset numeroon 040-042 0074\/Hanna.<\/span><\/p>\n<p><span style=\"color: #ffffff;\">jjj-jjr<\/span><strong>Maanantai 11.5.<\/strong><strong><br \/>\n<\/strong><span style=\"color: #ffffff;\">\u00a0 \u00a0&#8212;-<span style=\"color: #000000;\">Salaattibuffet<\/span><\/span><br \/>\n<span style=\"color: #ffffff;\">&#8212;&#8212;<\/span><span style=\"color: #000000;\">Pinaattikeitto G,L<\/span><br \/>\n<span style=\"color: #ffffff;\">&#8212;&#8212;<span style=\"color: #000000;\">Nakkikastike ja keitetty peruna G,L (SUOMI)<\/span><\/span><br \/>\n<span style=\"color: #ffffff;\">&#8212;&#8212;<\/span><span style=\"color: #000000;\">Kahvi ja keksi<\/span><\/p>\n<p style=\"padding-left: 30px;\"><strong>Tiistai 12.5.<br \/>\n<\/strong><span style=\"color: #000000;\">Salaattibuffet<\/span><br \/>\n<span style=\"color: #000000;\"><span style=\"caret-color: #000000;\">It\u00e4mainen kanakeitto\u00a0<\/span><\/span>G,L (SUOMI)<br \/>\n<span style=\"color: #000000;\">Lihapullat ja muusi L (SUOMI)\u00a0<span style=\"color: #ff0000;\">(My\u00f6s glut.vaihtoehto)<\/span><\/span><br \/>\n<span style=\"color: #000000;\">Kahvi ja keksi<\/span><\/p>\n<p style=\"padding-left: 30px;\"><strong>Keskiviikko 13.5.\u00a0<\/strong><strong><br \/>\n<\/strong><span style=\"color: #000000;\">Salaattibuffet<\/span><br \/>\n<span style=\"color: #000000;\">Porkkana-kookoskeitto G,L<\/span><br \/>\n<span style=\"color: #000000;\"><span style=\"caret-color: #000000;\">Kassler ja keitetty peruna G,L (SUOMI)\u00a0<\/span><\/span><br \/>\n<span style=\"color: #000000;\">Kahvi ja keksi<\/span><\/p>\n<p style=\"padding-left: 30px;\"><strong>Torstai 14.5.<br \/>\n<\/strong><span style=\"color: #000000;\">HELATORSTAI, SULJETTU<\/span><br \/>\n<span style=\"color: #ffffff;\">Hernekeitto G,L (SUOMI) + pannari, hillo ja kermavaahto L<\/span><br \/>\n<span style=\"caret-color: #000000; color: #ffffff;\">Broilerikastike ja riisi G,L (SUOMI)<\/span><br \/>\n<span style=\"color: #ffffff;\">Kahvi ja keksi<\/span><\/p>\n<p style=\"padding-left: 30px;\"><strong>Perjantai 15.5.<\/strong><strong><br \/>\n<\/strong><span style=\"color: #000000;\">Salaattibuffet<\/span><br \/>\n<span style=\"color: #000000;\">Borssikeitto G,L (SUOMI)<br \/>\nMakaronilaatikko (SUOMI) + pyttipannu G,L (SUOMI)<br \/>\nKahvi ja keksi<\/span><\/p>\n<p><strong>Hinnasto:<\/strong><br \/>\n<span style=\"color: #000000;\">Salaattibuffet 8,50 \u20ac, keittolounas 10,50 \u20ac, buffetlounas 12,50 \u20ac. Kaikkiin annoksiin sis\u00e4ltyy ruokajuomat, leiv\u00e4t, salaatit sek\u00e4 j\u00e4lkiruokakahvi keksin kera.<\/span><br \/>\n<span style=\"color: #000000;\"><strong><br \/>\nLounas arkisin klo 10.30 &#8211; 13.30.<\/strong><\/span><\/p>\n","protected":false},"excerpt":{"rendered":"","protected":false},"author":1,"featured_media":0,"parent":0,"menu_order":0,"comment_status":"closed","ping_status":"closed","template":"","meta":{"footnotes":""},"class_list":["entry","page","publish","author-hanna","has-more-link","post-8"],"_links":{"self":[{"href":"https:\/\/www.lounasherkku.fi\/index.php?rest_route=\/wp\/v2\/pages\/8","targetHints":{"allow":["GET"]}}],"collection":[{"href":"https:\/\/www.lounasherkku.fi\/index.php?rest_route=\/wp\/v2\/pages"}],"about":[{"href":"https:\/\/www.lounasherkku.fi\/index.php?rest_route=\/wp\/v2\/types\/page"}],"author":[{"embeddable":true,"href":"https:\/\/www.lounasherkku.fi\/index.php?rest_route=\/wp\/v2\/users\/1"}],"replies":[{"embeddable":true,"href":"https:\/\/www.lounasherkku.fi\/index.php?rest_route=%2Fwp%2Fv2%2Fcomments&post=8"}],"version-history":[{"count":929,"href":"https:\/\/www.lounasherkku.fi\/index.php?rest_route=\/wp\/v2\/pages\/8\/revisions"}],"predecessor-version":[{"id":1651,"href":"https:\/\/www.lounasherkku.fi\/index.php?rest_route=\/wp\/v2\/pages\/8\/revisions\/1651"}],"wp:attachment":[{"href":"https:\/\/www.lounasherkku.fi\/index.php?rest_route=%2Fwp%2Fv2%2Fmedia&parent=8"}],"curies":[{"name":"wp","href":"https:\/\/api.w.org\/{rel}","templated":true}]}}